{"id":22751,"date":"2022-06-19T17:18:05","date_gmt":"2022-06-19T15:18:05","guid":{"rendered":"https:\/\/cinemaoriental.com\/?post_type=film&#038;p=22751"},"modified":"2022-06-22T10:43:23","modified_gmt":"2022-06-22T08:43:23","slug":"the-sick-rose-corto","status":"publish","type":"film","link":"https:\/\/cinemaoriental.com\/es\/pelicula\/the-sick-rose-corto\/","title":{"rendered":"THE SICK ROSE (CORTO)"},"content":{"rendered":"<div id=\"pl-22751\"  class=\"panel-layout\" ><div id=\"pg-22751-0\"  class=\"panel-grid panel-no-style\" ><div id=\"pgc-22751-0-0\"  class=\"panel-grid-cell\" ><div id=\"panel-22751-0-0-0\" class=\"so-panel widget widget_sow-editor panel-first-child panel-last-child\" data-index=\"0\" ><div\n\t\t\t\n\t\t\tclass=\"so-widget-sow-editor so-widget-sow-editor-base\"\n\t\t\t\n\t\t>\n<div class=\"siteorigin-widget-tinymce textwidget\">\n\t<p>Una hist\u00f2ria ambientada en una \u00e8poca de pand\u00e8mies furibundes. Una nena viatjar\u00e0 per una ciutat plena de virus i indifer\u00e8ncies amb l\u2019\u00fanic objectiu de dedicar la rosa m\u00e0gica que porta a la seva mare. Aquest viatge animat (del mateix equip de Little Hilly) \u00e9s com la batalla mundial contra la pand\u00e8mia, accidentat i ple de frustracions.<\/p>\n<\/div>\n<\/div><\/div><\/div><\/div><\/div>","protected":false},"featured_media":22831,"template":"","class_list":["post-22751","film","type-film","status-publish","has-post-thumbnail","hentry","festival_edition-2022-es"],"acf":[],"yoast_head":"<!-- This site is optimized with the Yoast SEO plugin v27.2 - https:\/\/yoast.com\/product\/yoast-seo-wordpress\/ -->\n<title>THE SICK ROSE (CORTO) - Festival Nits de cinema oriental de Vic<\/title>\n<meta name=\"robots\" content=\"index, follow, max-snippet:-1, max-image-preview:large, max-video-preview:-1\" \/>\n<link rel=\"canonical\" href=\"https:\/\/cinemaoriental.com\/es\/pelicula\/the-sick-rose-corto\/\" \/>\n<meta property=\"og:locale\" content=\"es_ES\" \/>\n<meta property=\"og:type\" content=\"article\" \/>\n<meta property=\"og:title\" content=\"THE SICK ROSE (CORTO) - Festival Nits de cinema oriental de Vic\" \/>\n<meta property=\"og:description\" content=\"Una hist\u00f2ria ambientada en una \u00e8poca de pand\u00e8mies furibundes. Una nena viatjar\u00e0 per una ciutat plena de virus i indifer\u00e8ncies [&hellip;]\" \/>\n<meta property=\"og:url\" content=\"https:\/\/cinemaoriental.com\/es\/pelicula\/the-sick-rose-corto\/\" \/>\n<meta property=\"og:site_name\" content=\"Festival Nits de cinema oriental de Vic\" \/>\n<meta property=\"article:publisher\" content=\"https:\/\/www.facebook.com\/nitscinemaoriental\" \/>\n<meta property=\"article:modified_time\" content=\"2022-06-22T08:43:23+00:00\" \/>\n<meta property=\"og:image\" content=\"https:\/\/cinemaoriental.com\/wp-content\/uploads\/2022\/06\/Pag084_curts_THE-SICK-ROSE-copia.jpg\" \/>\n\t<meta property=\"og:image:width\" content=\"770\" \/>\n\t<meta property=\"og:image:height\" content=\"477\" \/>\n\t<meta property=\"og:image:type\" content=\"image\/jpeg\" \/>\n<meta name=\"twitter:card\" content=\"summary_large_image\" \/>\n<meta name=\"twitter:site\" content=\"@CinemaOriental\" \/>\n<script type=\"application\/ld+json\" class=\"yoast-schema-graph\">{\"@context\":\"https:\/\/schema.org\",\"@graph\":[{\"@type\":\"WebPage\",\"@id\":\"https:\/\/cinemaoriental.com\/es\/pelicula\/the-sick-rose-corto\/\",\"url\":\"https:\/\/cinemaoriental.com\/es\/pelicula\/the-sick-rose-corto\/\",\"name\":\"THE SICK ROSE (CORTO) - Festival Nits de cinema oriental de Vic\",\"isPartOf\":{\"@id\":\"https:\/\/cinemaoriental.com\/en\/#website\"},\"primaryImageOfPage\":{\"@id\":\"https:\/\/cinemaoriental.com\/es\/pelicula\/the-sick-rose-corto\/#primaryimage\"},\"image\":{\"@id\":\"https:\/\/cinemaoriental.com\/es\/pelicula\/the-sick-rose-corto\/#primaryimage\"},\"thumbnailUrl\":\"https:\/\/cinemaoriental.com\/wp-content\/uploads\/2022\/06\/Pag084_curts_THE-SICK-ROSE-copia.jpg\",\"datePublished\":\"2022-06-19T15:18:05+00:00\",\"dateModified\":\"2022-06-22T08:43:23+00:00\",\"breadcrumb\":{\"@id\":\"https:\/\/cinemaoriental.com\/es\/pelicula\/the-sick-rose-corto\/#breadcrumb\"},\"inLanguage\":\"es\",\"potentialAction\":[{\"@type\":\"ReadAction\",\"target\":[\"https:\/\/cinemaoriental.com\/es\/pelicula\/the-sick-rose-corto\/\"]}]},{\"@type\":\"ImageObject\",\"inLanguage\":\"es\",\"@id\":\"https:\/\/cinemaoriental.com\/es\/pelicula\/the-sick-rose-corto\/#primaryimage\",\"url\":\"https:\/\/cinemaoriental.com\/wp-content\/uploads\/2022\/06\/Pag084_curts_THE-SICK-ROSE-copia.jpg\",\"contentUrl\":\"https:\/\/cinemaoriental.com\/wp-content\/uploads\/2022\/06\/Pag084_curts_THE-SICK-ROSE-copia.jpg\",\"width\":770,\"height\":477},{\"@type\":\"BreadcrumbList\",\"@id\":\"https:\/\/cinemaoriental.com\/es\/pelicula\/the-sick-rose-corto\/#breadcrumb\",\"itemListElement\":[{\"@type\":\"ListItem\",\"position\":1,\"name\":\"Inici\",\"item\":\"https:\/\/cinemaoriental.com\/es\/\"},{\"@type\":\"ListItem\",\"position\":2,\"name\":\"Pel\u00b7l\u00edcules\",\"item\":\"https:\/\/cinemaoriental.com\/pelicula\/\"},{\"@type\":\"ListItem\",\"position\":3,\"name\":\"THE SICK ROSE (CORTO)\"}]},{\"@type\":\"WebSite\",\"@id\":\"https:\/\/cinemaoriental.com\/en\/#website\",\"url\":\"https:\/\/cinemaoriental.com\/en\/\",\"name\":\"Festival Nits de cinema oriental de Vic\",\"description\":\"19a Edici\u00f3 \u2013 Vic, del 19 al 24 de juliol de 2022\",\"publisher\":{\"@id\":\"https:\/\/cinemaoriental.com\/en\/#organization\"},\"potentialAction\":[{\"@type\":\"SearchAction\",\"target\":{\"@type\":\"EntryPoint\",\"urlTemplate\":\"https:\/\/cinemaoriental.com\/en\/?s={search_term_string}\"},\"query-input\":{\"@type\":\"PropertyValueSpecification\",\"valueRequired\":true,\"valueName\":\"search_term_string\"}}],\"inLanguage\":\"es\"},{\"@type\":\"Organization\",\"@id\":\"https:\/\/cinemaoriental.com\/en\/#organization\",\"name\":\"Festival Nits de cinema oriental de Vic\",\"url\":\"https:\/\/cinemaoriental.com\/en\/\",\"logo\":{\"@type\":\"ImageObject\",\"inLanguage\":\"es\",\"@id\":\"https:\/\/cinemaoriental.com\/en\/#\/schema\/logo\/image\/\",\"url\":\"https:\/\/cinemaoriental.com\/wp-content\/uploads\/2023\/05\/cropped-android-chrome-512x512-1.png\",\"contentUrl\":\"https:\/\/cinemaoriental.com\/wp-content\/uploads\/2023\/05\/cropped-android-chrome-512x512-1.png\",\"width\":512,\"height\":512,\"caption\":\"Festival Nits de cinema oriental de Vic\"},\"image\":{\"@id\":\"https:\/\/cinemaoriental.com\/en\/#\/schema\/logo\/image\/\"},\"sameAs\":[\"https:\/\/www.facebook.com\/nitscinemaoriental\",\"https:\/\/x.com\/CinemaOriental\",\"https:\/\/www.instagram.com\/cinemaoriental\/\"]}]}<\/script>\n<!-- \/ Yoast SEO plugin. -->","yoast_head_json":{"title":"THE SICK ROSE (CORTO) - Festival Nits de cinema oriental de Vic","robots":{"index":"index","follow":"follow","max-snippet":"max-snippet:-1","max-image-preview":"max-image-preview:large","max-video-preview":"max-video-preview:-1"},"canonical":"https:\/\/cinemaoriental.com\/es\/pelicula\/the-sick-rose-corto\/","og_locale":"es_ES","og_type":"article","og_title":"THE SICK ROSE (CORTO) - Festival Nits de cinema oriental de Vic","og_description":"Una hist\u00f2ria ambientada en una \u00e8poca de pand\u00e8mies furibundes. Una nena viatjar\u00e0 per una ciutat plena de virus i indifer\u00e8ncies [&hellip;]","og_url":"https:\/\/cinemaoriental.com\/es\/pelicula\/the-sick-rose-corto\/","og_site_name":"Festival Nits de cinema oriental de Vic","article_publisher":"https:\/\/www.facebook.com\/nitscinemaoriental","article_modified_time":"2022-06-22T08:43:23+00:00","og_image":[{"width":770,"height":477,"url":"https:\/\/cinemaoriental.com\/wp-content\/uploads\/2022\/06\/Pag084_curts_THE-SICK-ROSE-copia.jpg","type":"image\/jpeg"}],"twitter_card":"summary_large_image","twitter_site":"@CinemaOriental","schema":{"@context":"https:\/\/schema.org","@graph":[{"@type":"WebPage","@id":"https:\/\/cinemaoriental.com\/es\/pelicula\/the-sick-rose-corto\/","url":"https:\/\/cinemaoriental.com\/es\/pelicula\/the-sick-rose-corto\/","name":"THE SICK ROSE (CORTO) - Festival Nits de cinema oriental de Vic","isPartOf":{"@id":"https:\/\/cinemaoriental.com\/en\/#website"},"primaryImageOfPage":{"@id":"https:\/\/cinemaoriental.com\/es\/pelicula\/the-sick-rose-corto\/#primaryimage"},"image":{"@id":"https:\/\/cinemaoriental.com\/es\/pelicula\/the-sick-rose-corto\/#primaryimage"},"thumbnailUrl":"https:\/\/cinemaoriental.com\/wp-content\/uploads\/2022\/06\/Pag084_curts_THE-SICK-ROSE-copia.jpg","datePublished":"2022-06-19T15:18:05+00:00","dateModified":"2022-06-22T08:43:23+00:00","breadcrumb":{"@id":"https:\/\/cinemaoriental.com\/es\/pelicula\/the-sick-rose-corto\/#breadcrumb"},"inLanguage":"es","potentialAction":[{"@type":"ReadAction","target":["https:\/\/cinemaoriental.com\/es\/pelicula\/the-sick-rose-corto\/"]}]},{"@type":"ImageObject","inLanguage":"es","@id":"https:\/\/cinemaoriental.com\/es\/pelicula\/the-sick-rose-corto\/#primaryimage","url":"https:\/\/cinemaoriental.com\/wp-content\/uploads\/2022\/06\/Pag084_curts_THE-SICK-ROSE-copia.jpg","contentUrl":"https:\/\/cinemaoriental.com\/wp-content\/uploads\/2022\/06\/Pag084_curts_THE-SICK-ROSE-copia.jpg","width":770,"height":477},{"@type":"BreadcrumbList","@id":"https:\/\/cinemaoriental.com\/es\/pelicula\/the-sick-rose-corto\/#breadcrumb","itemListElement":[{"@type":"ListItem","position":1,"name":"Inici","item":"https:\/\/cinemaoriental.com\/es\/"},{"@type":"ListItem","position":2,"name":"Pel\u00b7l\u00edcules","item":"https:\/\/cinemaoriental.com\/pelicula\/"},{"@type":"ListItem","position":3,"name":"THE SICK ROSE (CORTO)"}]},{"@type":"WebSite","@id":"https:\/\/cinemaoriental.com\/en\/#website","url":"https:\/\/cinemaoriental.com\/en\/","name":"Festival Nits de cinema oriental de Vic","description":"19a Edici\u00f3 \u2013 Vic, del 19 al 24 de juliol de 2022","publisher":{"@id":"https:\/\/cinemaoriental.com\/en\/#organization"},"potentialAction":[{"@type":"SearchAction","target":{"@type":"EntryPoint","urlTemplate":"https:\/\/cinemaoriental.com\/en\/?s={search_term_string}"},"query-input":{"@type":"PropertyValueSpecification","valueRequired":true,"valueName":"search_term_string"}}],"inLanguage":"es"},{"@type":"Organization","@id":"https:\/\/cinemaoriental.com\/en\/#organization","name":"Festival Nits de cinema oriental de Vic","url":"https:\/\/cinemaoriental.com\/en\/","logo":{"@type":"ImageObject","inLanguage":"es","@id":"https:\/\/cinemaoriental.com\/en\/#\/schema\/logo\/image\/","url":"https:\/\/cinemaoriental.com\/wp-content\/uploads\/2023\/05\/cropped-android-chrome-512x512-1.png","contentUrl":"https:\/\/cinemaoriental.com\/wp-content\/uploads\/2023\/05\/cropped-android-chrome-512x512-1.png","width":512,"height":512,"caption":"Festival Nits de cinema oriental de Vic"},"image":{"@id":"https:\/\/cinemaoriental.com\/en\/#\/schema\/logo\/image\/"},"sameAs":["https:\/\/www.facebook.com\/nitscinemaoriental","https:\/\/x.com\/CinemaOriental","https:\/\/www.instagram.com\/cinemaoriental\/"]}]}},"_links":{"self":[{"href":"https:\/\/cinemaoriental.com\/es\/wp-json\/wp\/v2\/film\/22751","targetHints":{"allow":["GET"]}}],"collection":[{"href":"https:\/\/cinemaoriental.com\/es\/wp-json\/wp\/v2\/film"}],"about":[{"href":"https:\/\/cinemaoriental.com\/es\/wp-json\/wp\/v2\/types\/film"}],"version-history":[{"count":6,"href":"https:\/\/cinemaoriental.com\/es\/wp-json\/wp\/v2\/film\/22751\/revisions"}],"predecessor-version":[{"id":23726,"href":"https:\/\/cinemaoriental.com\/es\/wp-json\/wp\/v2\/film\/22751\/revisions\/23726"}],"wp:featuredmedia":[{"embeddable":true,"href":"https:\/\/cinemaoriental.com\/es\/wp-json\/wp\/v2\/media\/22831"}],"wp:attachment":[{"href":"https:\/\/cinemaoriental.com\/es\/wp-json\/wp\/v2\/media?parent=22751"}],"curies":[{"name":"wp","href":"https:\/\/api.w.org\/{rel}","templated":true}]}}

<div id="pl-22751"  class="panel-layout" ><div id="pg-22751-0"  class="panel-grid panel-no-style" ><div id="pgc-22751-0-0"  class="panel-grid-cell" ><div id="panel-22751-0-0-0" class="so-panel widget widget_sow-editor panel-first-child panel-last-child" data-index="0" ><div
			
			class="so-widget-sow-editor so-widget-sow-editor-base"
			
		>
<div class="siteorigin-widget-tinymce textwidget">
	<p>Una història ambientada en una època de pandèmies furibundes. Una nena viatjarà per una ciutat plena de virus i indiferències amb l’únic objectiu de dedicar la rosa màgica que porta a la seva mare. Aquest viatge animat (del mateix equip de Little Hilly) és com la batalla mundial contra la pandèmia, accidentat i ple de frustracions.</p>
</div>
</div></div></div></div></div>

<!-- This site is optimized with the Yoast SEO plugin v27.2 - https://yoast.com/product/yoast-seo-wordpress/ -->
<title>THE SICK ROSE (CORTO) - Festival Nits de cinema oriental de Vic</title>
<meta name="robots" content="index, follow, max-snippet:-1, max-image-preview:large, max-video-preview:-1" />
<link rel="canonical" href="https://cinemaoriental.com/es/pelicula/the-sick-rose-corto/" />
<meta property="og:locale" content="es_ES" />
<meta property="og:type" content="article" />
<meta property="og:title" content="THE SICK ROSE (CORTO) - Festival Nits de cinema oriental de Vic" />
<meta property="og:description" content="Una història ambientada en una època de pandèmies furibundes. Una nena viatjarà per una ciutat plena de virus i indiferències [&hellip;]" />
<meta property="og:url" content="https://cinemaoriental.com/es/pelicula/the-sick-rose-corto/" />
<meta property="og:site_name" content="Festival Nits de cinema oriental de Vic" />
<meta property="article:publisher" content="https://www.facebook.com/nitscinemaoriental" />
<meta property="article:modified_time" content="2022-06-22T08:43:23+00:00" />
<meta property="og:image" content="https://cinemaoriental.com/wp-content/uploads/2022/06/Pag084_curts_THE-SICK-ROSE-copia.jpg" />
	<meta property="og:image:width" content="770" />
	<meta property="og:image:height" content="477" />
	<meta property="og:image:type" content="image/jpeg" />
<meta name="twitter:card" content="summary_large_image" />
<meta name="twitter:site" content="@CinemaOriental" />
<script type="application/ld+json" class="yoast-schema-graph">{"@context":"https://schema.org","@graph":[{"@type":"WebPage","@id":"https://cinemaoriental.com/es/pelicula/the-sick-rose-corto/","url":"https://cinemaoriental.com/es/pelicula/the-sick-rose-corto/","name":"THE SICK ROSE (CORTO) - Festival Nits de cinema oriental de Vic","isPartOf":{"@id":"https://cinemaoriental.com/en/#website"},"primaryImageOfPage":{"@id":"https://cinemaoriental.com/es/pelicula/the-sick-rose-corto/#primaryimage"},"image":{"@id":"https://cinemaoriental.com/es/pelicula/the-sick-rose-corto/#primaryimage"},"thumbnailUrl":"https://cinemaoriental.com/wp-content/uploads/2022/06/Pag084_curts_THE-SICK-ROSE-copia.jpg","datePublished":"2022-06-19T15:18:05+00:00","dateModified":"2022-06-22T08:43:23+00:00","breadcrumb":{"@id":"https://cinemaoriental.com/es/pelicula/the-sick-rose-corto/#breadcrumb"},"inLanguage":"es","potentialAction":[{"@type":"ReadAction","target":["https://cinemaoriental.com/es/pelicula/the-sick-rose-corto/"]}]},{"@type":"ImageObject","inLanguage":"es","@id":"https://cinemaoriental.com/es/pelicula/the-sick-rose-corto/#primaryimage","url":"https://cinemaoriental.com/wp-content/uploads/2022/06/Pag084_curts_THE-SICK-ROSE-copia.jpg","contentUrl":"https://cinemaoriental.com/wp-content/uploads/2022/06/Pag084_curts_THE-SICK-ROSE-copia.jpg","width":770,"height":477},{"@type":"BreadcrumbList","@id":"https://cinemaoriental.com/es/pelicula/the-sick-rose-corto/#breadcrumb","itemListElement":[{"@type":"ListItem","position":1,"name":"Inici","item":"https://cinemaoriental.com/es/"},{"@type":"ListItem","position":2,"name":"Pel·lícules","item":"https://cinemaoriental.com/pelicula/"},{"@type":"ListItem","position":3,"name":"THE SICK ROSE (CORTO)"}]},{"@type":"WebSite","@id":"https://cinemaoriental.com/en/#website","url":"https://cinemaoriental.com/en/","name":"Festival Nits de cinema oriental de Vic","description":"19a Edició – Vic, del 19 al 24 de juliol de 2022","publisher":{"@id":"https://cinemaoriental.com/en/#organization"},"potentialAction":[{"@type":"SearchAction","target":{"@type":"EntryPoint","urlTemplate":"https://cinemaoriental.com/en/?s={search_term_string}"},"query-input":{"@type":"PropertyValueSpecification","valueRequired":true,"valueName":"search_term_string"}}],"inLanguage":"es"},{"@type":"Organization","@id":"https://cinemaoriental.com/en/#organization","name":"Festival Nits de cinema oriental de Vic","url":"https://cinemaoriental.com/en/","logo":{"@type":"ImageObject","inLanguage":"es","@id":"https://cinemaoriental.com/en/#/schema/logo/image/","url":"https://cinemaoriental.com/wp-content/uploads/2023/05/cropped-android-chrome-512x512-1.png","contentUrl":"https://cinemaoriental.com/wp-content/uploads/2023/05/cropped-android-chrome-512x512-1.png","width":512,"height":512,"caption":"Festival Nits de cinema oriental de Vic"},"image":{"@id":"https://cinemaoriental.com/en/#/schema/logo/image/"},"sameAs":["https://www.facebook.com/nitscinemaoriental","https://x.com/CinemaOriental","https://www.instagram.com/cinemaoriental/"]}]}</script>
<!-- / Yoast SEO plugin. -->

Una història ambientada en una època de pandèmies furibundes. Una nena viatjarà per una ciutat plena de virus i indiferències [&hellip;]

Pel·lícules

19a Edició – Vic, del 19 al 24 de juliol de 2022
