{"id":22936,"date":"2022-06-19T16:39:01","date_gmt":"2022-06-19T14:39:01","guid":{"rendered":"https:\/\/cinemaoriental.com\/?post_type=film&#038;p=22936"},"modified":"2022-06-19T16:39:01","modified_gmt":"2022-06-19T14:39:01","slug":"karate-kid","status":"publish","type":"film","link":"https:\/\/cinemaoriental.com\/es\/pelicula\/karate-kid\/","title":{"rendered":"KARATE KID"},"content":{"rendered":"<div id=\"pl-22936\"  class=\"panel-layout\" ><div id=\"pg-22936-0\"  class=\"panel-grid panel-no-style\" ><div id=\"pgc-22936-0-0\"  class=\"panel-grid-cell\" ><div id=\"panel-22936-0-0-0\" class=\"so-panel widget widget_sow-editor panel-first-child panel-last-child\" data-index=\"0\" ><div\n\t\t\t\n\t\t\tclass=\"so-widget-sow-editor so-widget-sow-editor-base\"\n\t\t\t\n\t\t>\n<div class=\"siteorigin-widget-tinymce textwidget\">\n\t<p>Esta carta de amor de occidente al mundo oriental en general, y al japon\u00e9s en particular, utilizaba una f\u00f3rmula, la del maestro y el aprendiz, m\u00e1s vista que el TBO pero con encanto, pasi\u00f3n y capacidad de entretener y emocionar.<\/p>\n<p>Se convirti\u00f3 en uno de los grandes cl\u00e1sicos del cine adolescente de los a\u00f1os ochenta. Llevad los bastoncillos por si en el ETC hay alguna mosca\u2026<\/p>\n<p>Albert Ventura, director catalanotaiwan\u00e9s de <em><strong>Butterflies<\/strong><\/em>, conducir\u00e1 el cinef\u00f3rum, explic\u00e1ndonos los secretos del \u00e9xito de la pel\u00edcula.<\/p>\n<\/div>\n<\/div><\/div><\/div><\/div><\/div>","protected":false},"featured_media":22924,"template":"","class_list":["post-22936","film","type-film","status-publish","has-post-thumbnail","hentry","festival_section-mes-nits-es"],"acf":[],"yoast_head":"<!-- This site is optimized with the Yoast SEO plugin v27.2 - https:\/\/yoast.com\/product\/yoast-seo-wordpress\/ -->\n<title>KARATE KID - Festival Nits de cinema oriental de Vic<\/title>\n<meta name=\"robots\" content=\"index, follow, max-snippet:-1, max-image-preview:large, max-video-preview:-1\" \/>\n<link rel=\"canonical\" href=\"https:\/\/cinemaoriental.com\/es\/pelicula\/karate-kid\/\" \/>\n<meta property=\"og:locale\" content=\"es_ES\" \/>\n<meta property=\"og:type\" content=\"article\" \/>\n<meta property=\"og:title\" content=\"KARATE KID - Festival Nits de cinema oriental de Vic\" \/>\n<meta property=\"og:description\" content=\"Esta carta de amor de occidente al mundo oriental en general, y al japon\u00e9s en particular, utilizaba una f\u00f3rmula, la [&hellip;]\" \/>\n<meta property=\"og:url\" content=\"https:\/\/cinemaoriental.com\/es\/pelicula\/karate-kid\/\" \/>\n<meta property=\"og:site_name\" content=\"Festival Nits de cinema oriental de Vic\" \/>\n<meta property=\"article:publisher\" content=\"https:\/\/www.facebook.com\/nitscinemaoriental\" \/>\n<meta property=\"og:image\" content=\"https:\/\/cinemaoriental.com\/wp-content\/uploads\/2022\/06\/karate-kid.jpg\" \/>\n\t<meta property=\"og:image:width\" content=\"1000\" \/>\n\t<meta property=\"og:image:height\" content=\"600\" \/>\n\t<meta property=\"og:image:type\" content=\"image\/jpeg\" \/>\n<meta name=\"twitter:card\" content=\"summary_large_image\" \/>\n<meta name=\"twitter:site\" content=\"@CinemaOriental\" \/>\n<script type=\"application\/ld+json\" class=\"yoast-schema-graph\">{\"@context\":\"https:\/\/schema.org\",\"@graph\":[{\"@type\":\"WebPage\",\"@id\":\"https:\/\/cinemaoriental.com\/es\/pelicula\/karate-kid\/\",\"url\":\"https:\/\/cinemaoriental.com\/es\/pelicula\/karate-kid\/\",\"name\":\"KARATE KID - Festival Nits de cinema oriental de Vic\",\"isPartOf\":{\"@id\":\"https:\/\/cinemaoriental.com\/en\/#website\"},\"primaryImageOfPage\":{\"@id\":\"https:\/\/cinemaoriental.com\/es\/pelicula\/karate-kid\/#primaryimage\"},\"image\":{\"@id\":\"https:\/\/cinemaoriental.com\/es\/pelicula\/karate-kid\/#primaryimage\"},\"thumbnailUrl\":\"https:\/\/cinemaoriental.com\/wp-content\/uploads\/2022\/06\/karate-kid.jpg\",\"datePublished\":\"2022-06-19T14:39:01+00:00\",\"breadcrumb\":{\"@id\":\"https:\/\/cinemaoriental.com\/es\/pelicula\/karate-kid\/#breadcrumb\"},\"inLanguage\":\"es\",\"potentialAction\":[{\"@type\":\"ReadAction\",\"target\":[\"https:\/\/cinemaoriental.com\/es\/pelicula\/karate-kid\/\"]}]},{\"@type\":\"ImageObject\",\"inLanguage\":\"es\",\"@id\":\"https:\/\/cinemaoriental.com\/es\/pelicula\/karate-kid\/#primaryimage\",\"url\":\"https:\/\/cinemaoriental.com\/wp-content\/uploads\/2022\/06\/karate-kid.jpg\",\"contentUrl\":\"https:\/\/cinemaoriental.com\/wp-content\/uploads\/2022\/06\/karate-kid.jpg\",\"width\":1000,\"height\":600},{\"@type\":\"BreadcrumbList\",\"@id\":\"https:\/\/cinemaoriental.com\/es\/pelicula\/karate-kid\/#breadcrumb\",\"itemListElement\":[{\"@type\":\"ListItem\",\"position\":1,\"name\":\"Inici\",\"item\":\"https:\/\/cinemaoriental.com\/es\/\"},{\"@type\":\"ListItem\",\"position\":2,\"name\":\"Pel\u00b7l\u00edcules\",\"item\":\"https:\/\/cinemaoriental.com\/pelicula\/\"},{\"@type\":\"ListItem\",\"position\":3,\"name\":\"KARATE KID\"}]},{\"@type\":\"WebSite\",\"@id\":\"https:\/\/cinemaoriental.com\/en\/#website\",\"url\":\"https:\/\/cinemaoriental.com\/en\/\",\"name\":\"Festival Nits de cinema oriental de Vic\",\"description\":\"19a Edici\u00f3 \u2013 Vic, del 19 al 24 de juliol de 2022\",\"publisher\":{\"@id\":\"https:\/\/cinemaoriental.com\/en\/#organization\"},\"potentialAction\":[{\"@type\":\"SearchAction\",\"target\":{\"@type\":\"EntryPoint\",\"urlTemplate\":\"https:\/\/cinemaoriental.com\/en\/?s={search_term_string}\"},\"query-input\":{\"@type\":\"PropertyValueSpecification\",\"valueRequired\":true,\"valueName\":\"search_term_string\"}}],\"inLanguage\":\"es\"},{\"@type\":\"Organization\",\"@id\":\"https:\/\/cinemaoriental.com\/en\/#organization\",\"name\":\"Festival Nits de cinema oriental de Vic\",\"url\":\"https:\/\/cinemaoriental.com\/en\/\",\"logo\":{\"@type\":\"ImageObject\",\"inLanguage\":\"es\",\"@id\":\"https:\/\/cinemaoriental.com\/en\/#\/schema\/logo\/image\/\",\"url\":\"https:\/\/cinemaoriental.com\/wp-content\/uploads\/2023\/05\/cropped-android-chrome-512x512-1.png\",\"contentUrl\":\"https:\/\/cinemaoriental.com\/wp-content\/uploads\/2023\/05\/cropped-android-chrome-512x512-1.png\",\"width\":512,\"height\":512,\"caption\":\"Festival Nits de cinema oriental de Vic\"},\"image\":{\"@id\":\"https:\/\/cinemaoriental.com\/en\/#\/schema\/logo\/image\/\"},\"sameAs\":[\"https:\/\/www.facebook.com\/nitscinemaoriental\",\"https:\/\/x.com\/CinemaOriental\",\"https:\/\/www.instagram.com\/cinemaoriental\/\"]}]}<\/script>\n<!-- \/ Yoast SEO plugin. -->","yoast_head_json":{"title":"KARATE KID - Festival Nits de cinema oriental de Vic","robots":{"index":"index","follow":"follow","max-snippet":"max-snippet:-1","max-image-preview":"max-image-preview:large","max-video-preview":"max-video-preview:-1"},"canonical":"https:\/\/cinemaoriental.com\/es\/pelicula\/karate-kid\/","og_locale":"es_ES","og_type":"article","og_title":"KARATE KID - Festival Nits de cinema oriental de Vic","og_description":"Esta carta de amor de occidente al mundo oriental en general, y al japon\u00e9s en particular, utilizaba una f\u00f3rmula, la [&hellip;]","og_url":"https:\/\/cinemaoriental.com\/es\/pelicula\/karate-kid\/","og_site_name":"Festival Nits de cinema oriental de Vic","article_publisher":"https:\/\/www.facebook.com\/nitscinemaoriental","og_image":[{"width":1000,"height":600,"url":"https:\/\/cinemaoriental.com\/wp-content\/uploads\/2022\/06\/karate-kid.jpg","type":"image\/jpeg"}],"twitter_card":"summary_large_image","twitter_site":"@CinemaOriental","schema":{"@context":"https:\/\/schema.org","@graph":[{"@type":"WebPage","@id":"https:\/\/cinemaoriental.com\/es\/pelicula\/karate-kid\/","url":"https:\/\/cinemaoriental.com\/es\/pelicula\/karate-kid\/","name":"KARATE KID - Festival Nits de cinema oriental de Vic","isPartOf":{"@id":"https:\/\/cinemaoriental.com\/en\/#website"},"primaryImageOfPage":{"@id":"https:\/\/cinemaoriental.com\/es\/pelicula\/karate-kid\/#primaryimage"},"image":{"@id":"https:\/\/cinemaoriental.com\/es\/pelicula\/karate-kid\/#primaryimage"},"thumbnailUrl":"https:\/\/cinemaoriental.com\/wp-content\/uploads\/2022\/06\/karate-kid.jpg","datePublished":"2022-06-19T14:39:01+00:00","breadcrumb":{"@id":"https:\/\/cinemaoriental.com\/es\/pelicula\/karate-kid\/#breadcrumb"},"inLanguage":"es","potentialAction":[{"@type":"ReadAction","target":["https:\/\/cinemaoriental.com\/es\/pelicula\/karate-kid\/"]}]},{"@type":"ImageObject","inLanguage":"es","@id":"https:\/\/cinemaoriental.com\/es\/pelicula\/karate-kid\/#primaryimage","url":"https:\/\/cinemaoriental.com\/wp-content\/uploads\/2022\/06\/karate-kid.jpg","contentUrl":"https:\/\/cinemaoriental.com\/wp-content\/uploads\/2022\/06\/karate-kid.jpg","width":1000,"height":600},{"@type":"BreadcrumbList","@id":"https:\/\/cinemaoriental.com\/es\/pelicula\/karate-kid\/#breadcrumb","itemListElement":[{"@type":"ListItem","position":1,"name":"Inici","item":"https:\/\/cinemaoriental.com\/es\/"},{"@type":"ListItem","position":2,"name":"Pel\u00b7l\u00edcules","item":"https:\/\/cinemaoriental.com\/pelicula\/"},{"@type":"ListItem","position":3,"name":"KARATE KID"}]},{"@type":"WebSite","@id":"https:\/\/cinemaoriental.com\/en\/#website","url":"https:\/\/cinemaoriental.com\/en\/","name":"Festival Nits de cinema oriental de Vic","description":"19a Edici\u00f3 \u2013 Vic, del 19 al 24 de juliol de 2022","publisher":{"@id":"https:\/\/cinemaoriental.com\/en\/#organization"},"potentialAction":[{"@type":"SearchAction","target":{"@type":"EntryPoint","urlTemplate":"https:\/\/cinemaoriental.com\/en\/?s={search_term_string}"},"query-input":{"@type":"PropertyValueSpecification","valueRequired":true,"valueName":"search_term_string"}}],"inLanguage":"es"},{"@type":"Organization","@id":"https:\/\/cinemaoriental.com\/en\/#organization","name":"Festival Nits de cinema oriental de Vic","url":"https:\/\/cinemaoriental.com\/en\/","logo":{"@type":"ImageObject","inLanguage":"es","@id":"https:\/\/cinemaoriental.com\/en\/#\/schema\/logo\/image\/","url":"https:\/\/cinemaoriental.com\/wp-content\/uploads\/2023\/05\/cropped-android-chrome-512x512-1.png","contentUrl":"https:\/\/cinemaoriental.com\/wp-content\/uploads\/2023\/05\/cropped-android-chrome-512x512-1.png","width":512,"height":512,"caption":"Festival Nits de cinema oriental de Vic"},"image":{"@id":"https:\/\/cinemaoriental.com\/en\/#\/schema\/logo\/image\/"},"sameAs":["https:\/\/www.facebook.com\/nitscinemaoriental","https:\/\/x.com\/CinemaOriental","https:\/\/www.instagram.com\/cinemaoriental\/"]}]}},"_links":{"self":[{"href":"https:\/\/cinemaoriental.com\/es\/wp-json\/wp\/v2\/film\/22936","targetHints":{"allow":["GET"]}}],"collection":[{"href":"https:\/\/cinemaoriental.com\/es\/wp-json\/wp\/v2\/film"}],"about":[{"href":"https:\/\/cinemaoriental.com\/es\/wp-json\/wp\/v2\/types\/film"}],"version-history":[{"count":2,"href":"https:\/\/cinemaoriental.com\/es\/wp-json\/wp\/v2\/film\/22936\/revisions"}],"predecessor-version":[{"id":22941,"href":"https:\/\/cinemaoriental.com\/es\/wp-json\/wp\/v2\/film\/22936\/revisions\/22941"}],"wp:featuredmedia":[{"embeddable":true,"href":"https:\/\/cinemaoriental.com\/es\/wp-json\/wp\/v2\/media\/22924"}],"wp:attachment":[{"href":"https:\/\/cinemaoriental.com\/es\/wp-json\/wp\/v2\/media?parent=22936"}],"curies":[{"name":"wp","href":"https:\/\/api.w.org\/{rel}","templated":true}]}}

<div id="pl-22936"  class="panel-layout" ><div id="pg-22936-0"  class="panel-grid panel-no-style" ><div id="pgc-22936-0-0"  class="panel-grid-cell" ><div id="panel-22936-0-0-0" class="so-panel widget widget_sow-editor panel-first-child panel-last-child" data-index="0" ><div
			
			class="so-widget-sow-editor so-widget-sow-editor-base"
			
		>
<div class="siteorigin-widget-tinymce textwidget">
	<p>Esta carta de amor de occidente al mundo oriental en general, y al japonés en particular, utilizaba una fórmula, la del maestro y el aprendiz, más vista que el TBO pero con encanto, pasión y capacidad de entretener y emocionar.</p>
<p>Se convirtió en uno de los grandes clásicos del cine adolescente de los años ochenta. Llevad los bastoncillos por si en el ETC hay alguna mosca…</p>
<p>Albert Ventura, director catalanotaiwanés de <em><strong>Butterflies</strong></em>, conducirá el cinefórum, explicándonos los secretos del éxito de la película.</p>
</div>
</div></div></div></div></div>

<!-- This site is optimized with the Yoast SEO plugin v27.2 - https://yoast.com/product/yoast-seo-wordpress/ -->
<title>KARATE KID - Festival Nits de cinema oriental de Vic</title>
<meta name="robots" content="index, follow, max-snippet:-1, max-image-preview:large, max-video-preview:-1" />
<link rel="canonical" href="https://cinemaoriental.com/es/pelicula/karate-kid/" />
<meta property="og:locale" content="es_ES" />
<meta property="og:type" content="article" />
<meta property="og:title" content="KARATE KID - Festival Nits de cinema oriental de Vic" />
<meta property="og:description" content="Esta carta de amor de occidente al mundo oriental en general, y al japonés en particular, utilizaba una fórmula, la [&hellip;]" />
<meta property="og:url" content="https://cinemaoriental.com/es/pelicula/karate-kid/" />
<meta property="og:site_name" content="Festival Nits de cinema oriental de Vic" />
<meta property="article:publisher" content="https://www.facebook.com/nitscinemaoriental" />
<meta property="og:image" content="https://cinemaoriental.com/wp-content/uploads/2022/06/karate-kid.jpg" />
	<meta property="og:image:width" content="1000" />
	<meta property="og:image:height" content="600" />
	<meta property="og:image:type" content="image/jpeg" />
<meta name="twitter:card" content="summary_large_image" />
<meta name="twitter:site" content="@CinemaOriental" />
<script type="application/ld+json" class="yoast-schema-graph">{"@context":"https://schema.org","@graph":[{"@type":"WebPage","@id":"https://cinemaoriental.com/es/pelicula/karate-kid/","url":"https://cinemaoriental.com/es/pelicula/karate-kid/","name":"KARATE KID - Festival Nits de cinema oriental de Vic","isPartOf":{"@id":"https://cinemaoriental.com/en/#website"},"primaryImageOfPage":{"@id":"https://cinemaoriental.com/es/pelicula/karate-kid/#primaryimage"},"image":{"@id":"https://cinemaoriental.com/es/pelicula/karate-kid/#primaryimage"},"thumbnailUrl":"https://cinemaoriental.com/wp-content/uploads/2022/06/karate-kid.jpg","datePublished":"2022-06-19T14:39:01+00:00","breadcrumb":{"@id":"https://cinemaoriental.com/es/pelicula/karate-kid/#breadcrumb"},"inLanguage":"es","potentialAction":[{"@type":"ReadAction","target":["https://cinemaoriental.com/es/pelicula/karate-kid/"]}]},{"@type":"ImageObject","inLanguage":"es","@id":"https://cinemaoriental.com/es/pelicula/karate-kid/#primaryimage","url":"https://cinemaoriental.com/wp-content/uploads/2022/06/karate-kid.jpg","contentUrl":"https://cinemaoriental.com/wp-content/uploads/2022/06/karate-kid.jpg","width":1000,"height":600},{"@type":"BreadcrumbList","@id":"https://cinemaoriental.com/es/pelicula/karate-kid/#breadcrumb","itemListElement":[{"@type":"ListItem","position":1,"name":"Inici","item":"https://cinemaoriental.com/es/"},{"@type":"ListItem","position":2,"name":"Pel·lícules","item":"https://cinemaoriental.com/pelicula/"},{"@type":"ListItem","position":3,"name":"KARATE KID"}]},{"@type":"WebSite","@id":"https://cinemaoriental.com/en/#website","url":"https://cinemaoriental.com/en/","name":"Festival Nits de cinema oriental de Vic","description":"19a Edició – Vic, del 19 al 24 de juliol de 2022","publisher":{"@id":"https://cinemaoriental.com/en/#organization"},"potentialAction":[{"@type":"SearchAction","target":{"@type":"EntryPoint","urlTemplate":"https://cinemaoriental.com/en/?s={search_term_string}"},"query-input":{"@type":"PropertyValueSpecification","valueRequired":true,"valueName":"search_term_string"}}],"inLanguage":"es"},{"@type":"Organization","@id":"https://cinemaoriental.com/en/#organization","name":"Festival Nits de cinema oriental de Vic","url":"https://cinemaoriental.com/en/","logo":{"@type":"ImageObject","inLanguage":"es","@id":"https://cinemaoriental.com/en/#/schema/logo/image/","url":"https://cinemaoriental.com/wp-content/uploads/2023/05/cropped-android-chrome-512x512-1.png","contentUrl":"https://cinemaoriental.com/wp-content/uploads/2023/05/cropped-android-chrome-512x512-1.png","width":512,"height":512,"caption":"Festival Nits de cinema oriental de Vic"},"image":{"@id":"https://cinemaoriental.com/en/#/schema/logo/image/"},"sameAs":["https://www.facebook.com/nitscinemaoriental","https://x.com/CinemaOriental","https://www.instagram.com/cinemaoriental/"]}]}</script>
<!-- / Yoast SEO plugin. -->

Esta carta de amor de occidente al mundo oriental en general, y al japonés en particular, utilizaba una fórmula, la [&hellip;]

Pel·lícules

19a Edició – Vic, del 19 al 24 de juliol de 2022
